What are the prime factors of 164992?
2, 1289
List the prime factors of 354582.
2, 3, 19699
List the prime factors of 427394.
2, 11, 19427
List the prime factors of 1920631.
1920631
List the prime factors of 3287624.
2, 410953
What are the prime factors of 741705?
3, 5, 197, 251
What are the prime factors of 657423?
3, 13, 1873
What are the prime factors of 19268846?
2, 9634423
What are the prime factors of 21474?
2, 3, 1193
What are the prime factors of 11813737?
13, 908749
List the prime factors of 395979.
3, 19, 6947
What are the prime factors of 7473445?
5, 7, 29, 37, 199
What are the prime factors of 22582070?
2, 5, 7, 19, 16979
List the prime factors of 97810.
2, 5, 9781
What are the prime factors of 7239113?
7, 157, 941
What are the prime factors of 25735586?
2, 17, 29, 43, 607
List the prime factors of 35828.
2, 13, 53
List the prime factors of 201690.
2, 3, 5, 83
List the prime factors of 107640.
2, 3, 5, 13, 23
List the prime factors of 188435.
5, 13, 223
List the prime factors of 2060475.
3, 5, 83, 331
What are the prime factors of 4823248?
2, 487, 619
What are the prime factors of 55267?
17, 3251
What are the prime factors of 353884?
2, 88471
List the prime factors of 1508992.
2, 11789
List the prime factors of 1145291.
7, 163613
What are the prime factors of 711789?
3, 13, 18251
What are the prime factors of 169521?
3, 11, 467
What are the prime factors of 4608749?
911, 5059
What are the prime factors of 350026?
2, 175013
List the prime factors of 439442.
2, 219721
List the prime factors of 5657874.
2, 3, 942979
What are the prime factors of 157119?
3, 83, 631
What are the prime factors of 264973?
29, 9137
List the prime factors of 7420083.
3, 11, 20441
What are the prime factors of 1272943?
7, 17, 19, 563
List the prime factors of 560537.
487, 1151
What are the prime factors of 398020?
2, 5, 7, 2843
List the prime factors of 9653487.
3, 3217829
List the prime factors of 638314.
2, 179, 1783
What are the prime factors of 5132476?
2, 1283119
List the prime factors of 122559.
3, 40853
List the prime factors of 790932.
2, 3, 19, 3469
List the prime factors of 5268766.
2, 101, 26083
What are the prime factors of 4957060?
2, 5, 247853
What are the prime factors of 350963?
350963
What are the prime factors of 2925475?
5, 7, 73, 229
List the prime factors of 1986772.
2, 43, 11551
List the prime factors of 1055581.
17, 31, 2003
What are the prime factors of 946395?
3, 5, 21031
What are the prime factors of 220295?
5, 44059
What are the prime factors of 2413798?
2, 19, 63521
List the prime factors of 20973.
3, 6991
What are the prime factors of 1456507?
13, 181, 619
What are the prime factors of 5675010?
2, 3, 5, 11, 29, 593
What are the prime factors of 69218?
2, 53, 653
What are the prime factors of 1356596?
2, 229, 1481
List the prime factors of 9619.
9619
What are the prime factors of 776124?
2, 3, 21559
What are the prime factors of 5289?
3, 41, 43
What are the prime factors of 429849?
3, 7, 6823
What are the prime factors of 2980784?
2, 186299
List the prime factors of 1577867.
79, 19973
List the prime factors of 2084529.
3, 59, 11777
What are the prime factors of 285295?
5, 57059
What are the prime factors of 1214883?
3, 23, 5869
List the prime factors of 11742142.
2, 5871071
What are the prime factors of 3294120?
2, 3, 5, 97, 283
What are the prime factors of 12141?
3, 19, 71
List the prime factors of 22417403.
22417403
What are the prime factors of 618412?
2, 19, 79, 103
What are the prime factors of 1030981?
7, 147283
What are the prime factors of 895595?
5, 179119
List the prime factors of 2117711.
2117711
What are the prime factors of 230454?
2, 3, 7, 31, 59
What are the prime factors of 10292083?
83, 124001
List the prime factors of 10647123.
3, 61, 73, 797
List the prime factors of 5747562.
2, 3, 23, 13883
What are the prime factors of 1253616?
2, 3, 7, 13, 41
What are the prime factors of 92386?
2, 7, 6599
List the prime factors of 81405.
3, 5, 67
List the prime factors of 41610.
2, 3, 5, 19, 73
What are the prime factors of 4391053?
433, 10141
What are the prime factors of 67422?
2, 3, 17, 661
What are the prime factors of 64117?
97, 661
What are the prime factors of 79461?
3, 109
What are the prime factors of 37569439?
17, 2209967
What are the prime factors of 155907?
3, 17, 1019
What are the prime factors of 9734156?
2, 19, 263, 487
What are the prime factors of 2382454?
2, 443, 2689
List the prime factors of 6184966.
2, 89, 34747
List the prime factors of 500771.
619, 809
What are the prime factors of 384503?
7, 19, 59
List the prime factors of 13205419.
13205419
What are the prime factors of 123121?
123121
List the prime factors of 415221.
3, 138407
List the prime factors of 455300.
2, 5, 29, 157
List the prime factors of 25132611.
3, 7, 19, 62989
List the prime factors of 1253347.
1253347
What are the prime factors of 32503483?
32503483
List the prime factors of 2383.
2383
List the prime factors of 549609.
3, 183203
List the prime factors of 36517925.
5, 83, 17599
List the prime factors of 1091035.
5, 11, 83, 239
What are the prime factors of 254367?
3, 9421
What are the prime factors of 750045?
3, 5, 31, 1613
List the prime factors of 5367024.
2, 3, 13, 47, 61
List the prime factors of 194209.
157, 1237
What are the prime factors of 905272?
2, 113159
List the prime factors of 214569.
3, 883
List the prime factors of 268308.
2, 3, 29, 257
List the prime factors of 3881891.
13, 298607
List the prime factors of 585861.
3, 401, 487
What are the prime factors of 578286?
2, 3, 10709
What are the prime factors of 211339?
211339
What are the prime factors of 119990?
2, 5, 13, 71
List the prime factors of 176317.
176317
List the prime factors of 173758.
2, 13, 41, 163
What are the prime factors of 18620104?
2, 67, 34739
What are the prime factors of 126153?
3, 107, 131
What are the prime factors of 79?
79
List the prime factors of 3968249.
79, 50231
List the prime factors of 1692072.
2, 3, 71, 331
What are the prime factors of 19751?
19751
List the prime factors of 61682.
2, 30841
List the prime factors of 1747981.
19, 197, 467
What are the prime factors of 1019606?
2, 7, 67, 1087
What are the prime factors of 8136113?
89, 113, 809
List the prime factors of 3208660.
2, 5, 7, 13, 41, 43
List the prime factors of 1068738.
2, 3, 11, 16193
List the prime factors of 207017.
207017
What are the prime factors of 395670?
2, 3, 5, 11, 109
List the prime factors of 12885073.
149, 86477
What are the prime factors of 2402722?
2, 7, 73, 2351
What are the prime factors of 8753469?
3, 2917823
What are the prime factors of 5934019?
7, 13, 61, 1069
What are the prime factors of 2583892?
2, 645973
List the prime factors of 1377814.
2, 688907
What are the prime factors of 12579517?
12579517
What are the prime factors of 332473?
332473
What are the prime factors of 1588598?
2, 11, 163, 443
What are the prime factors of 102230?
2, 5, 10223
What are the prime factors of 229268?
2, 13, 4409
List the prime factors of 76187.
47, 1621
List the prime factors of 250159.
7, 13, 2749
List the prime factors of 191180.
2, 5, 11, 79
What are the prime factors of 353569?
131, 2699
What are the prime factors of 42318810?
2, 3, 5, 470209
List the prime factors of 19831217.
7, 2833031
What are the prime factors of 1058426?
2, 529213
List the prime factors of 14913669.
3, 4971223
List the prime factors of 11299511.
11299511
List the prime factors of 175643.
13, 59, 229
What are the prime factors of 294457?
17, 17321
List the prime factors of 385906.
2, 157, 1229
What are the prime factors of 1816681?
53, 151, 227
List the prime factors of 2235769.
89, 25121
List the prime factors of 826935.
3, 5, 29, 1901
What are the prime factors of 1143076?
2, 11, 83, 313
What are the prime factors of 51933?
3, 7, 2473
List the prime factors of 2033284.
2, 11, 4201
What are the prime factors of 1480046?
2, 740023
What are the prime factors of 11295718?
2, 7, 17, 31, 1531
List the prime factors of 22792274.
2, 17, 47, 839
List the prime factors of 2312857.
23, 100559
List the prime factors of 5885420.
2, 5, 103, 2857
List the prime factors of 23380546.
2, 7, 227, 1051
List the prime factors of 26400.
2, 3, 5, 11
List the prime factors of 22168943.
22168943
List the prime fa